f**2 - 70*f + 757. Let t be h(59). What is the highest common divisor of y and t?
12
Let x be (-1)/(0 - (-224)/76 - 3). Let k be 175 + -2*(0 + 2). Suppose 0 = f - 0*f - k. Calculate the greatest common factor of x and f.
19
Let o be (2/(-5))/(-3 - 132/(-45)). Let b be ((-9)/o)/(1/(-2) - -1). Let p be (20/12 - -5)/((-1)/b). What is the greatest common divisor of 60 and p?
20
Suppose 0 = 5*w - w - 24. Suppose 0 = 14*g + w*g - 1280. Calculate the highest common divisor of 4 and g.
4
Suppose -2053*f + 2058*f - 15 = 0. Suppose -5*p + 58 = -3*o - 84, 0 = -f*p - o + 88. Calculate the highest common divisor of 2 and p.
1
Suppose -496 = -4*n - 464. Suppose -g = 2*a - 13, -3*a = -6*g + 2*g - 36. What is the greatest common divisor of a and n?
8
Let a(m) = 250*m - 1950. Let z be a(9). Let y be ((-6)/(-5))/((-1)/(-10)). Calculate the greatest common factor of y and z.
12
Let s = -9 - -41. Suppose 10*x = -136 + 376. Suppose -2*v - 3*j + 30 = -x, 0 = 3*j - 6. Calculate the greatest common divisor of v and s.
8
Let w(z) = 3*z**3 - 2*z**2 - z - 11. Let b = 177 + -171. Let y be w(b). Calculate the highest common factor of 43 and y.
43
Suppose 37*u - 34*u + 2874 = 2*m, -4*m - 2*u = -5700. What is the highest common factor of 1156 and m?
68
Suppose -54*t + 55*t = 18. Let b be 2/(-4)*(-5 + 1). Suppose -2*s - 3*n + 29 = -b*n, s + 5*n - 37 = 0. Calculate the greatest common factor of s and t.
6
Let x be 8 - (-4)/4*3. Let f be 33 - (-6)/(x + -5). Let p(o) = 6*o**2 - 3. Let k be p(3). What is the highest common factor of k and f?
17
Let r = -173 - -186. Suppose -r*f + 108 = -4*f. Calculate the greatest common factor of f and 312.
12
Let l be 483/(-46)*542/(-3) + 3. What is the greatest common divisor of l and 20?
20
Let m be 6/(-18) + 8/24. Suppose 11*t = 7*t - x + 2409, m = 2*t + x - 1203. What is the greatest common factor of 9 and t?
9
Suppose 110*k = 107*k + 2001. Suppose 26*z = k + 633. What is the greatest common divisor of z and 30?
10
Let b be (-2)/4 - ((-90)/20 + 4). Suppose b = -2*n - 3*d + 48, 44 = 2*n + 11*d - 7*d. What is the greatest common factor of n and 108?
6
Let n(w) = w**2 - w + 5. Let l be n(5). Let m be 12/(-3) + -1 + (-52)/(-1). Let c = 57 - m. What is the highest common factor of c and l?
5
Let q(i) = -i**2 + 18*i + 16. Let s = 70 + -57. Let v = 0 + s. Let z be q(v). What is the greatest common factor of z and 9?
9
Suppose g + g - 2*b + 946 = 0, 0 = 5*g + 3*b + 2325. Let t = 498 + g. What is the highest common divisor of t and 105?
15
Let i(u) = 3*u + 47. Let k be i(-15). Suppose -10*j = k*j + 12. Let h be 75/6 + 2 - j/(-2). What is the greatest common divisor of 21 and h?
7
Let b = 368 + 90. Let y = 588 - b. Calculate the highest common factor of y and 10.
10
Suppose 8*u + 12*u = 1800. Suppose 2*a - 654 = u. Calculate the highest common factor of 12 and a.
12
Let m be 435*(-12)/(-54)*3. Let w = m + -241. What is the highest common factor of w and 147?
49
Let b(o) = 27*o**2 + 161*o - 2816. Let p be b(18). Calculate the greatest common divisor of p and 10.
10
Suppose -80 = -0*p - 5*p. Let i(f) = 16*f - 226. Let u be i(p). What is the greatest common factor of u and 220?
10
Suppose -4*g + 7898 = 5*j - 12034, -3*g + 14956 = 2*j. What is the highest common factor of g and 116?
116
Let k(g) = 24*g**2 - 3*g - 2. Let p be k(-1). Suppose -o - 1451 = -2*c, 4*c + 148*o - 2903 = 151*o. Calculate the greatest common divisor of c and p.
25
Suppose -12*s = -14*s + 84. Suppose -s = -9*w + 2*w. Suppose w = 5*d - 94. What is the highest common divisor of 50 and d?
10
Let i(s) = -s**3 - s**2 - s + 240. Let d be i(0). Suppose -23*f + 29 + 406 = 6*f. What is the highest common factor of f and d?
15
Suppose -c = 2*q - 331, 5*q - 650 = -2*c + 4*q. Let b = -183 + c. Let x = -20 - -48. Calculate the greatest common factor of x and b.
28
Let o = 801 - 261. Suppose 2*t + 13*t = o. Calculate the highest common divisor of 396 and t.
36
Suppose 897*s + 1716 = 923*s. What is the highest common divisor of s and 3300?
66
Let l be (-6)/14 - (64/14 - -1). Let b(d) = 8*d**2 - 7*d + 31. Let q be b(l). Calculate the highest common divisor of q and 19.
19
Let x = 46 - 11. Let k(r) be the first derivative of 5*r**3/3 + r**2/2 + 3*r - 5. Let c be k(-8). What is the greatest common factor of c and x?
35
Let u be -2 + 44/28 - 3460/(-70). What is the greatest common divisor of 105 and u?
7
Let d = 19398 + -17378. What is the highest common factor of d and 220?
20
Let h be (33/(-6) - -7)*(0 + 2). Suppose h*p - 1235 = -5*f, 0*p = -3*p + 4*f + 1280. Let w = -189 + p. Calculate the greatest common divisor of 21 and w.
21
Suppose 13*g - 408 + 304 = 0. Calculate the greatest common factor of g and 452.
4
Suppose -7*t = 9 - 779. Let u = -102 + t. Let n be 189/(-18)*u/(-6). Calculate the greatest common divisor of n and 140.
14
Let s = 1541 + -1516. Let o be (-6)/(-2) - 1*56. Let f = o - -253. Calculate the highest common divisor of s and f.
25
Let f(d) = d**3 - 2*d**2 - 2*d. Let l = 59 - 56. Suppose l*g = 8*g - 15. Let w be f(g). What is the greatest common factor of 21 and w?
3
Let t = -132 + 140. Let q be t/(-12)*(0 - 6). What is the greatest common factor of 52 and q?
4
Let p be ((-2367)/(-1052))/(6/32). Suppose 5*n - 738 = 642. Calculate the greatest common factor of p and n.
12
Suppose 43*j + 4727 = 45*j + 5*f, 4*j = -3*f + 9489. Calculate the greatest common factor of j and 231.
33
Suppose -2423*i + 6 = -2420*i, 3*h + 3*i - 1977 = 0. Calculate the highest common divisor of 1168 and h.
73
Let h be 216/22 - 18/(-99). Let r be (-54)/(-144) - h/(-16). Suppose 5*v + r = 1481. What is the highest common divisor of 37 and v?
37
Suppose -3*n + 2*f = 1022, 11*n + 5*f + 1670 = 6*n. Let p = -324 - n. What is the greatest common divisor of p and 4?
2
Suppose 64*k + 3*i = 60*k + 17933, -2*k = -2*i - 8970. What is the greatest common factor of 19 and k?
19
Let j = -694 + 1526. Calculate the greatest common factor of 192 and j.
64
Let l be (6 - (-165)/(-25))/(3/(-15)). Suppose 83 = -2*q - l*t + 304, q + t - 111 = 0. Calculate the greatest common factor of 42 and q.
14
Suppose -5*l - 1 = 19, -4*k + 28 = 5*l. Let a be (2880/15 + -10)*10/35. Calculate the highest common divisor of a and k.
4
Suppose -g + 5*n = -124, 3*g - 372 = n - 2*n. Suppose -316*r + 564 = -9769 + 537. Calculate the highest common factor of g and r.
31
Suppose 105*p - 102*p - 14 = -g, 4*p + 2*g = 18. Suppose 13 = -4*z - p*j + 30, -5*j = -3*z + 39. What is the greatest common divisor of 36 and z?
4
Let h(u) = -30*u + 288. Let o be h(1). What is the highest common factor of o and 86?
86
Let v be 145/174 + (-597)/(-18). Suppose -166 + 1271 = 5*g. What is the highest common factor of g and v?
17
Let f(w) = w + 2. Let j(o) = -4*o - 11. Let s(u) = 30*f(u) + 5*j(u). Let k be s(1). What is the highest common divisor of 5 and k?
5
Let t = -152968 - -152973. Let c = 6 + -3. Suppose -2*k + 7 = c. What is the highest common factor of k and t?
1
Let x = 226 - 228. Let r be (23/3)/(3*x/(-18)). What is the greatest common divisor of 253 and r?
23
Let k(y) = 3*y**3 - 200*y**2 - 25*y + 220. Let j be k(67). Calculate the highest common factor of j and 574.
82
Let r(d) = -d**3 - 3*d**2 + 31*d - 28. Let x be r(-8). What is the greatest common divisor of x and 64?
4
Suppose 4*j - 31 - 18 = -3*l, 4*j - 51 = -l. Let b be (2 - (-5)/(-2))*(7 - j). Calculate the highest common factor of 75 and b.
3
Suppose -58 = -d + 86. Let f = 974 + -965. Calculate the highest common factor of d and f.
9
Let d be (-1067)/3 + ((-308)/21)/11. Let g = d - -252. Let x be (g/14)/(3/(-2)). What is the greatest common divisor of x and 10?
5
Let c(a) = -35 - 334*a - 70 + 314*a. Let o be c(-12). Calculate the greatest common factor of 9 and o.
9
Let i = 41 - 35. Let b(a) = a**2 + 7*a + 6. Let d be b(i). Suppose 0*m - 21 = -2*m + x, -12 = -4*x. Calculate the highest common factor of m and d.
12
Suppose 3*k - 12 = s, -48 = -3*k - 1583*s + 1578*s. Let i(g) = -g**2 + 186. Let m be i(0). What is the highest common factor of m and k?
6
Suppose -8*o = 41*o. Suppose -x + o*x + 3*t = -47, -181 = -4*x + 5*t. What is the highest common divisor of 12 and x?
4
Suppose 6*p + 5 = p, 0 = -2*q - p + 5. Suppose q*l - l - 146 = 0. Suppose 119 = 4*j - l. Calculate the highest common divisor of 12 a